3*y + 72, 2*y = -o + 72. What is the greatest common factor of o and s?
8
Let m = 70 - 52. Suppose p - 4*p + 66 = 0. Let b = p - m. Calculate the highest common divisor of b and 36.
4
Let v = -112 - -126. Suppose -n - 5*h = -14, 0 = -4*n - 3*h - 6 + 11. Let w(z) = -13*z + 1. Let s be w(n). Calculate the greatest common factor of s and v.
14
Let c be ((-2)/3)/(-7 - 2812/(-402)). Suppose -x + c = -208. Calculate the highest common divisor of x and 57.
57
Let o(v) = 21*v**2 - 79*v - 20. Let z be o(-8). What is the highest common divisor of 12 and z?
12
Let k be ((-12)/10)/(16/40). Let a be (1 - -31)*(-28)/48*k. What is the greatest common factor of a and 14?
14
Suppose -4*u - 7*c + 126 = -5*c, 0 = -4*u - c + 131. Calculate the greatest common factor of 2 and u.
2
Let d = -228 + 248. Calculate the greatest common factor of d and 8.
4
Let i(p) = 11*p**2 + 11*p**2 - 21*p**2 + 0*p + 4*p + 1. Let y be i(-4). What is the greatest common factor of y and 1?
1
Suppose 8*z - 3*z = 3*s + 819, z + 3*s = 171. What is the highest common divisor of z and 99?
33
Suppose -19*d = -71 - 613. Calculate the highest common divisor of d and 84.
12
Let c = 3 - -13. Suppose -4 = 2*i + 2*u, 1 - 5 = u. What is the highest common factor of c and i?
2
Let f(z) = z**2 + 7*z + 96. Let c be f(0). What is the greatest common factor of 12 and c?
12
Let s(a) = -a**3 + 15*a**2 - 4*a - 26. Let t be s(13). Calculate the greatest common factor of 13 and t.
13
Suppose 0 = -3*v + 42 - 0. Let y = 18 + 91. Let c = y - 53. Calculate the greatest common factor of v and c.
14
Suppose 26*y - 22273 + 6543 = 0. What is the greatest common factor of 385 and y?
55
Suppose s - 61 = -2*y, -21 = 3*s - 6. Suppose u + 181 = 4*z, 20*z - 24*z + 166 = 2*u. Calculate the greatest common factor of z and y.
11
Suppose 6*c + 1 = -3*l + 241, -3*c - 4*l = -110. Calculate the highest common factor of c and 114.
6
Let w = 7 - -9. Let d(q) = -7*q + 10. Let u = 66 + -68. Let z be d(u). Calculate the highest common factor of w and z.
8
Suppose 5 = 5*s, -3*b + 3*s = -2*b - 65. What is the highest common divisor of 51 and b?
17
Let t be 14*10*(-11)/(-385). What is the highest common factor of t and 94?
2
Suppose 0 = -m + 5*m. Suppose 4*g = 0, m*g + 63 = 3*p + 4*g. Let r(s) = -3*s + 108. Let b be r(-27). What is the highest common factor of b and p?
21
Suppose -11*l + 10*l = -34. Calculate the greatest common divisor of l and 544.
34
Suppose 0 = 4*f + 5*b - 18, 2*f + 0*b = -b + 12. Let q be 14/f - 67*-1. What is the greatest common divisor of q and 23?
23
Let n = -71 + 73. Let k be (-3 - 77)/(-5) + n. Calculate the greatest common divisor of k and 162.
18
Let a be 6/(-24) + (-33)/(-4). Suppose 0 = a*t - 571 - 45. What is the greatest common divisor of 7 and t?
7
Let j be ((-126)/105)/((-2)/20). Suppose 5*f + 3*l - 8*l = 225, 0 = 4*l + j. What is the greatest common factor of 28 and f?
14
Let m = -85 - -418. Calculate the greatest common divisor of 9 and m.
9
Let n(a) be the second derivative of -a**5/20 - a**3/6 - 81*a**2/2 - 4*a. Let b be n(0). Let x = 129 + b. What is the highest common divisor of 8 and x?
8
Let z = 69 - -184. What is the greatest common factor of z and 55?
11
Suppose -2*o = -a + 21, -2*o = -3*a - 2*a + 73. Suppose 2*l - 4 = -2*f, -4*f + a = -l - 10. Suppose 19 = c - 1. Calculate the greatest common factor of c and f.
5
Suppose 2*n + 163 - 403 = 0. Let q = n - 65. Calculate the greatest common divisor of q and 22.
11
Suppose -25*c + 6449 = 1499. Calculate the greatest common divisor of 18 and c.
18
Let f(l) = -l**3 - 4*l**2 - 49*l - 214. Let b be f(-5). Calculate the highest common factor of b and 91.
7
Let q(h) = h**3 - 12*h**2 - 41*h + 46. Let v be q(16). Calculate the greatest common factor of v and 18.
18
Suppose -87 = -4*n + 73. Let q be ((-8)/(-6))/(16/120). What is the greatest common divisor of q and n?
10
Let w be 1/(-4) - (-5388)/48 - -5. Let m(z) = 7*z**2 - 2. Let i be m(2). Calculate the highest common divisor of i and w.
13
Suppose -5*p + 3*o + 400 = 0, -2*o = -5*p - 0*o + 395. What is the greatest common divisor of p and 44?
11
Let o be 2/(-8) + 39/12. Suppose -2*c + 11 = m, -4*m + 14 = 6*c - o*c. Calculate the greatest common divisor of c and 42.
6
Suppose -14*q = -17*q + 4800. What is the greatest common divisor of q and 64?
64
Suppose 3*s = -6 + 24. Suppose -4 = -z - 4*x, s*x + 49 = z + x. Suppose 5*c - 345 + 45 = 0. Calculate the greatest common divisor of z and c.
12
Let r be (1 - -1)/((-6)/(-84)). Let d = 73 - r. Suppose -a = 2*a - d. Calculate the highest common divisor of a and 105.
15
Let h = -393 - -539. Calculate the highest common divisor of h and 2.
2
Let c(w) = 22*w**2 - w + 3. Let g be c(1). Suppose -4*s + 68 = 5*b, 0 = -3*s + 4*b - b + 24. Calculate the greatest common factor of s and g.
12
Suppose 10*a = -23*a + 6468. Calculate the highest common divisor of a and 2842.
98
Let l(b) = 206*b**3 - 2*b**2 + b - 1. Let s be l(1). Let y = s - 138. Calculate the greatest common factor of 44 and y.
22
Suppose -13 + 13 = 5*s. Suppose -3*q = -s*q - 63. What is the greatest common factor of 21 and q?
21
Let f = 34 - 16. Let z = 4 + -1. Let a(u) = 30*u. Let o be a(z). What is the highest common divisor of o and f?
18
Let c be (-84)/546 - 1720/(-26). Let m(q) = 0*q**2 + q**2 - q + 6*q. Let l be m(-6). Calculate the greatest common divisor of c and l.
6
Suppose 3*l - l = 0. Let p(q) = -q**2 + q - 193. Let y be p(l). Let v = y - -369. What is the greatest common factor of v and 16?
16
Let t = 39 + -34. Let x = t + 51. What is the highest common divisor of x and 84?
28
Suppose -3*w + 140 = 2*w. Let b = 1101 + -1108. Let q = w + b. What is the greatest common divisor of 14 and q?
7
Suppose -206*a = -202*a - 2336. Calculate the greatest common divisor of a and 16.
8
Suppose -3*c - 15*j + 86 = -11*j, -5*c - j + 149 = 0. Let n(r) = 2*r**3 - 3*r**2 + 2*r + 2. Let d be n(2). Calculate the highest common divisor of c and d.
10
Suppose 0 = -3*o + 7*o - 360. Let s(z) = z - 4. Let y be s(-5). Let f = y - -27. What is the greatest common factor of o and f?
18
Let y(q) = 27*q - 384. Let w be y(19). Calculate the highest common factor of 172 and w.
43
Let j be (-7)/1*2592/(-42). Calculate the greatest common divisor of 54 and j.
54
Let q = 2694 - 2429. Calculate the highest common divisor of 20 and q.
5
Let n(f) = 14*f**3 + 2*f**2 - 3*f + 1. Let m = 3 + -1. Let j be n(m). Suppose 9 + 129 = 6*d. What is the greatest common divisor of d and j?
23
Let r be (-4)/22 - (-79)/11. Suppose -u + r = 6. Calculate the greatest common divisor of 1 and u.
1
Let z(g) = 2*g**2 - 3*g - 5. Let s be z(4). Let i = s - 14. Let x(f) = f**3 + 5*f**2 + 3. Let o be x(-5). What is the greatest common divisor of o and i?
1
Let f = 34 - 31. Let x(m) = 2*m**2 + 4*m - 6. Let a be x(f). Let d be 10 + (-4)/(-1 - 1). What is the highest common factor of a and d?
12
Let k be ((-412)/(-10))/((-6)/(-30)) - 2. Let w = k + -51. Suppose 0 = -o + 4*o - 51. Calculate the greatest common divisor of w and o.
17
Let a = -231 - -461. Calculate the greatest common divisor of a and 46.
46
Let j(a) = -a + 42. Let o be j(15). Calculate the highest common divisor of 333 and o.
9
Let m be (-62)/(-4) + (-1)/(-2). Let k = -4 + 9. Let s be (-255)/(-75) - (-3)/k. Calculate the greatest common divisor of s and m.
4
Let m = 117 + -95. What is the highest common factor of m and 99?
11
Let w be 6/(-9) - 745/(-15). Calculate the greatest common divisor of w and 49.
49
Let i be (-7 - (-104)/20)*20/(-6). Let j be 1/3 + 137/3. Suppose -j = -5*r + k, i - 52 = -3*r - 4*k. Calculate the highest common factor of 25 and r.
5
Let y be (-2)/7 + (-17)/(714/(-1440)). What is the greatest common divisor of y and 578?
34
Let p(v) = -v**2 + 19*v - 33. Let n be p(16). What is the highest common divisor of 60 and n?
15
Let w = 14 + -2. Let j = 261 + -252. Calculate the greatest common divisor of j and w.
3
Let n be (-16 + 10 - 30)*4/(-6). Let b be -60*(0 - (-12)/(-10)). Calculate the greatest common divisor of b and n.
24
Let g be 2/1 + 2 - 0. Let y(v) be the first derivative of -v**3/3 + 3*v**2 + 2*v - 11. Let i be y(g). What is the highest common factor of i and 10?
10
Suppose -5*f + 22 - 12 = 0. Suppose -44 = f*s - 6*s. What is the greatest common divisor of 231 and